- t**5/40 + 25*t**4/12 + 9*t. Let l(a) be the third derivative of j(a). What is l(-2)?
1
Let j(i) = i**2 + 2*i. Let k = 23 - 74. Let s = k + 78. Suppose 5*x + s = 7. What is j(x)?
8
Let u(w) = 8*w - 50. Let z be u(6). Suppose 5*x - h = -21, -3*x + 4*h - 13 = 3*h. Let v = z + x. Let q(n) = -n + 1. Give q(v).
7
Let d(s) = 48*s - 2. Let l(v) = -17*v + 1. Let x(u) = -6*d(u) - 17*l(u). What is x(9)?
4
Suppose x = 2*y - x - 2, x = -3. Let t(o) = o - 10. Let n(b) = 1. Let j(h) = y*n(h) - t(h). Determine j(-7).
15
Let d(v) = -6*v**2 - 10*v - 6*v - 7*v + 5*v**2 + 16*v - 1. Suppose -2*f - 3*n = 1, -2*n + 18 = -3*f - n. Calculate d(f).
9
Let h(o) be the third derivative of o**8/20160 + o**7/840 + o**6/144 + o**5/15 - 15*o**2. Let v(p) be the third derivative of h(p). What is v(-5)?
0
Suppose 0*w = 4*w + 240. Let h be 2/8 - w/16. Suppose -h*b - 14 = -6. Let i(l) = l**2 + 2. Give i(b).
6
Let h(t) = -3 + 4 - t**2 + 1 + 3 - 3*t - 4. What is h(-8)?
-39
Let y(g) = g - 16. Let b be 18 + 2/10 + (-752)/235. Calculate y(b).
-1
Let a(b) be the first derivative of b**4/12 + 5*b**3/3 - b**2/2 + 11*b + 2. Let o(n) be the second derivative of a(n). Give o(-7).
-4
Let h(k) be the first derivative of k**2 - 12*k - 38. Determine h(10).
8
Let c(f) = 14*f - 9. Let w(z) = 16*z - 11. Let v(i) = -4*c(i) + 3*w(i). What is v(2)?
-13
Let g(o) be the first derivative of 2*o**2 + 2*o - 1. Let t = -757 + 754. Give g(t).
-10
Let v(j) be the third derivative of -1/120*j**6 + 1/15*j**5 + 0*j**3 + 1/4*j**4 + 3*j**2 + 0 + 0*j. Let u be (-3)/(6/10)*(-7)/7. Give v(u).
5
Let h = 11 + -7. Let a be 78/15 - h/20. Suppose -a*b = -8*b + 6. Let j(f) = -f**2 + 2. Determine j(b).
-2
Let l(m) = m**3 - 3*m**2 - 3*m - 2. Suppose 0 = -5*n - 5*s + 10, 5*n - 7*s + 6*s = 16. Suppose n*g + 4*w = 12, -4*g = w + 4*w - 16. Determine l(g).
2
Let b(f) = -f**3 - 5*f**2 - 4*f - 4. Suppose -5*r + 7*r - 2 = 0. Let i be 6/(r/(4/8)). Suppose -x - i*x - 16 = 0. Give b(x).
-4
Let y(a) be the first derivative of -21*a**2 - 3*a - 14. Let m(o) = -14*o - 1. Let t(z) = -8*m(z) + 3*y(z). Give t(-1).
13
Let t be 4/10 + 244/(-10). Let h = 20 + t. Let o(q) be the third derivative of q**4/24 + 5*q**3/6 - 2*q**2. Calculate o(h).
1
Let y(f) be the first derivative of -9*f**4/4 + f**3/3 + f**2/2 + f - 168. Calculate y(-1).
10
Let s(u) be the second derivative of -u**7/2520 + u**6/180 + u**5/40 + 5*u**4/4 + 14*u. Let r(c) be the third derivative of s(c). Determine r(3).
6
Let l(z) = 41*z + 3. Let u(x) = 112*x + 8. Let r(w) = 8*l(w) - 3*u(w). What is r(-6)?
48
Let a(b) = b**2 - b - 4. Let o(x) = -8*x - 411. Let j be o(-52). Determine a(j).
16
Let d(p) = 1 + 12*p - 14*p + 8*p + 2 + p**2. Suppose -2*t = -3*c + 9 + 8, -2*t - 12 = -2*c. Let i be t - (-3)/(3/(-3)). Calculate d(i).
-5
Let b(l) = 2*l**2 - 3*l + 3*l**3 - 2 - 5*l**2 + 2*l**2 - 4*l**3. Suppose 3*y = y + 18. Let z be 3/y - 7/3. What is b(z)?
8
Let a(y) = -y + 9. Suppose 0 = -14*w + 16*w - 22. Let z = w - 4. Determine a(z).
2
Let u be ((-9)/(-12))/((-1)/4). Let f(n) = n**3 + 2*n**2 + n + 3. Let g(p) = p**3 + 2*p**2 + 2*p + 4. Let x(s) = 6*f(s) - 5*g(s). What is x(u)?
1
Let v(u) = u**2 + 6*u + 3. Let q be (0 - -1)/((-322)/28 + 11). Calculate v(q).
-5
Let a(b) = -4*b + 1. Let z = -33 + 9. Let t be ((-2)/4)/((-4)/z*3). Give a(t).
5
Let i(g) = g**2 - 6*g + 2. Let j be i(7). Suppose j*v - 4*v = 150. Suppose 11*r = 6*r + v. Let q(t) = -4*t + 8. Give q(r).
-16
Let l(i) = 2*i - 11. Let g be l(8). Suppose -a + g*a - 12 = 0. Let w(s) = -a*s - 1 + 3*s + s. Give w(-6).
-7
Let k(p) = -p**3 + 4*p**2 + 4*p + 5. Let o(u) = -u**3 - 14*u**2 + u + 9. Let y be o(-14). Let j = y + 7. Suppose a = 3*i - 10, j + 28 = 4*a + 2*i. What is k(a)?
0
Let w(j) = -j**3 - 4*j**2 - 2*j - 2. Let f(h) = -8*h + 1. Let m be f(-1). Suppose 0 = q - m + 13. Calculate w(q).
6
Let n(r) = -6 + 1 - 2 + r. Give n(4).
-3
Let p(x) = 2*x + 1. Suppose 2*l - 5*l = -12. Suppose 3*q + 17 = -l*y - y, 3*q + 9 = 3*y. Give p(y).
-1
Let d(p) = 16*p**2 + 4*p + 42. Let b(v) = 7*v**2 + 2*v + 19. Let i(z) = -9*b(z) + 4*d(z). Calculate i(3).
0
Let n(x) = -7*x**3 - 4*x**2 - x. Let r(t) = 22*t**3 + 11*t**2 + 3*t. Let j(o) = 8*n(o) + 3*r(o). Let m be (3 + -2 + 1)*(216/(-48))/9. Calculate j(m).
-10
Let g(z) = 2 + 3*z - 13*z - 4 + 8*z. Calculate g(4).
-10
Let h(v) = 43*v**2 + 23*v + 34. Let b(z) = 19*z**2 + 11*z + 17. Let t(m) = -9*b(m) + 4*h(m). What is t(9)?
1
Let p(x) = -x**2 - 9*x - 10. Let n be (2 + (-4 - -4))*7/(-2). What is p(n)?
4
Suppose 5*i + 26 = -2*d - 0*d, 3*i + 3*d = -21. Let k be (6/i)/(3/(-6)). Let m(r) = r**k + 4*r**2 + 5 + 2*r - 5 + 1. Determine m(-4).
-7
Let b(h) = 3 + 3*h**2 - 3 - 4*h**2 - 4*h - 1. Let j(k) = k. Let i(t) = -b(t) - 4*j(t). Suppose -u = -2*p - 11, u - 5*p = -0*u + 23. What is i(u)?
10
Let r(p) = p**3 + 6*p**2 + 4*p - 2. Let l be 136/10 + (-6)/(-15). Suppose 4*w = -l - 2. Give r(w).
14
Let b = 1012 + -1018. Let k(j) = -j - 11. Calculate k(b).
-5
Let f(s) = 53*s + 9. Let h(a) = -13*a - 2. Let r(b) = 2*f(b) + 9*h(b). Calculate r(-1).
11
Let s = 6 + -5. Suppose 2*i + s = 9. Let c(l) = l + 5*l**2 + 0*l - 6*l - 4 - l**3. Give c(i).
-8
Suppose -16*x = -12*x - 96. Let d be 1/(3 + x/(-9)). Suppose -a - 15 = 2*a + d*l, -4*l = -3*a - 8. Let s(u) = u**3 + 2*u**2 - 7*u - 5. Determine s(a).
-9
Let q(n) = -n**2. Let p(h) be the first derivative of -h + 15. Let i(s) = p(s) - 6*q(s). Calculate i(-1).
5
Suppose 0 = -7*r + 18 - 4. Suppose -q + 1 = 0, q - 17 = -r*i - 4. Let c(t) = t - 9. Give c(i).
-3
Let w(g) = -g**3 + 4*g**2 - 3*g - 4. Let i = 0 - -3. Let j be ((-1)/(-3))/((-1)/(-18)). Suppose -j = -f - i. Calculate w(f).
-4
Let j be (-2)/(-11) - (-20)/11. Let c(d) = -14 + 0*d**3 + 4*d + j*d**2 + 16 + d**3. Suppose -4 = 2*u - 0*u. What is c(u)?
-6
Let b = -1091 + 1096. Let w(d) = -d**2 + 3*d + 6. Calculate w(b).
-4
Let i(s) be the third derivative of 0 + 0*s - 1/15*s**5 - 1/120*s**6 + 0*s**3 - 14*s**2 - 1/8*s**4. Determine i(-2).
-2
Let c(b) be the second derivative of b**5/20 - 5*b**4/12 + 2*b**3/3 - 3*b**2/2 + 21*b. Suppose 17 = 5*g + 2. What is c(g)?
-9
Let j(x) = 2*x - 48. Let t(b) = -b + 23. Let m be 10/15 + 74*1/6. Let d(l) = m*t(l) + 6*j(l). Calculate d(8).
3
Let b(g) = -g**2 + 4*g + 4. Let z(w) = -3*w + 4*w + 67 - 69. Let p be z(2). Suppose p = -2*t + 5 + 3. What is b(t)?
4
Let a(z) = 4 + 2 - 7*z + 2 - z**2. Let p(c) = c**3 - 18*c**2 + c + 6. Let s be p(18). Suppose -x + s = -4*x. Calculate a(x).
0
Let c(f) = -5*f**2 + 6*f - 3. Let s(y) = -27*y**2 + 29*y - 15. Let g(d) = 11*c(d) - 2*s(d). What is g(6)?
9
Let u(r) = r**3 - 5*r**2 + r - 7. Let v be 1 - (-36)/(2 + -5). Let d = v - -16. Give u(d).
-2
Let j(o) = o**2 - o + 4. Let r(v) = v**2 - v + 5. Let d(y) = 4*j(y) - 3*r(y). Let p = 50 + -49. Give d(p).
1
Let m(x) = -7*x**3 + x**2 - 5*x - 2. Let w(z) = 13*z**3 - z**2 + 10*z + 4. Let r(y) = -11*m(y) - 6*w(y). Let g = 25 + 12. Let h = g - 40. What is r(h)?
-5
Let z(u) = -u**2 - 7*u - 6. Let y(k) = 12*k - 125. Let j be y(10). Give z(j).
4
Let j(s) = -2*s**2 - 8*s + 91. Let q be j(5). Let t(x) be the third derivative of x**6/40 + x**5/30 - x**4/12 + x**3/6 - x**2. Determine t(q).
4
Let f = 4 - -1. Let r(s) = 5*s**3 + 13*s**2 - 14*s + 3. Let t(u) = -6*u**3 - 14*u**2 + 15*u - 3. Let a(p) = -7*r(p) - 6*t(p). Give a(f).
-13
Let q(k) = k**2 + 8*k + 4. Let u(t) be the third derivative of -t**4/24 - 12*t**2. Let d(o) = q(o) + 5*u(o). Give d(-3).
4
Suppose 12*b - 9*b = 6. Suppose 11 - 2 = 3*y. Let d(c) = 5*c**2 + 0*c**2 - y*c - 2*c**2. What is d(b)?
6
Let k = 1 - 7. Let c(g) = g**3 + 6*g**2 - 2*g. Let x be c(k). Suppose 0 = -11*p + x*p + 6. Let o(t) = t**2 + 5*t - 4. Calculate o(p).
2
Let h be (6/(-8))/((-144)/192). Let q(n) = -9*n**2. Give q(h).
-9
Let t(r) = -r**2 + 4*r. Let c(d) = d - 4. Let z be c(8). Suppose 5*g = -3*h + h + 18, z*h = 4*g + 8. Give t(h).
0
Let m(a) = 11*a + 60. Let y(i) = -23*i - 118. Let n(u) = -13*m(u) - 6*y(u). What is n(-15)?
3
Let i(q) be the third derivative of -7/60*q**5 - 13*q**2 + 1/24*q**4 + 0*q - 1/120*q**6 + q**3 + 0. What is i(-7)?
-1
Let n(a) = 6*a**2 + 44*a - 37. Let w(l) = 2*l**2 + 15*l - 12. Let k(r) = 2*n(r) - 7*w(r). What is k(-9)?
1
Let z be (-2 - 1) + (3 - -2). Let x = z + 1. Let w(o) = o + o - o + 3*o**2 + 1 - o**3 - x*o. What is w(2)?
1
Let q be 16/(-40) - (-24)/10. Let s(p) = -5*p**2 +